38
What is the remainder when 2052859 is divided by 243?
238
Calculate the remainder when 1091728 is divided by 219.
13
What is the remainder when 5453018 is divided by 227208?
26
Calculate the remainder when 570172 is divided by 18234.
4918
What is the remainder when 14962393 is divided by 93?
88
What is the remainder when 2910750 is divided by 106?
96
What is the remainder when 38830 is divided by 1?
0
What is the remainder when 182793 is divided by 4051?
498
Calculate the remainder when 1713413 is divided by 5422.
61
Calculate the remainder when 21185924 is divided by 229.
218
Calculate the remainder when 61227233 is divided by 1938.
1937
Calculate the remainder when 548448 is divided by 911.
26
Calculate the remainder when 1368872 is divided by 646.
644
Calculate the remainder when 333392 is divided by 62.
18
Calculate the remainder when 2081190 is divided by 1141.
6
What is the remainder when 1630494 is divided by 43?
20
What is the remainder when 2219223 is divided by 158513?
41
Calculate the remainder when 747109 is divided by 79.
6
What is the remainder when 862029 is divided by 21?
0
What is the remainder when 174530514 is divided by 35216?
18
What is the remainder when 5446369 is divided by 235?
9
What is the remainder when 382987 is divided by 4922?
3993
What is the remainder when 93098 is divided by 435?
8
What is the remainder when 10091937 is divided by 720852?
9
Calculate the remainder when 600259 is divided by 647.
490
What is the remainder when 62124 is divided by 3443?
150
What is the remainder when 1068739 is divided by 102?
85
What is the remainder when 243873 is divided by 8046?
2493
Calculate the remainder when 13415 is divided by 3314.
159
Calculate the remainder when 86758 is divided by 1458.
736
What is the remainder when 636831 is divided by 635964?
867
Calculate the remainder when 2891106 is divided by 2743.
2727
Calculate the remainder when 13201740 is divided by 2482.
2464
What is the remainder when 288641639 is divided by 1140876?
11
What is the remainder when 121174 is divided by 60?
34
What is the remainder when 3994610 is divided by 998636?
66
Calculate the remainder when 4913591 is divided by 307099.
7
Calculate the remainder when 3786710 is divided by 6823.
6768
What is the remainder when 1354449 is divided by 682?
679
What is the remainder when 1113375 is divided by 3110?
3105
Calculate the remainder when 9677350 is divided by 4606.
144
What is the remainder when 351000192 is divided by 455?
452
Calculate the remainder when 88913 is divided by 88873.
40
What is the remainder when 65268 is divided by 3319?
2207
What is the remainder when 1083679 is divided by 6127?
5327
Calculate the remainder when 173333 is divided by 3607.
197
Calculate the remainder when 27759534 is divided by 27759526.
8
What is the remainder when 69385 is divided by 68962?
423
What is the remainder when 453201 is divided by 7428?
93
Calculate the remainder when 120980 is divided by 46.
0
What is the remainder when 3144327 is divided by 449187?
18
Calculate the remainder when 909720 is divided by 19355.
35
Calculate the remainder when 4360703 is divided by 162.
149
Calculate the remainder when 20390 is divided by 3021.
2264
What is the remainder when 98380199 is divided by 138?
137
What is the remainder when 79571 is divided by 281?
48
Calculate the remainder when 520753 is divided by 47337.
46
What is the remainder when 109100156 is divided by 6245?
6
Calculate the remainder when 1150440 is divided by 1644.
1284
Calculate the remainder when 11942 is divided by 9801.
2141
Calculate the remainder when 213581 is divided by 12502.
1047
Calculate the remainder when 16026814 is divided by 8753.
71
Calculate the remainder when 86001 is divided by 1176.
153
What is the remainder when 6084 is divided by 442?
338
What is the remainder when 51258023 is divided by 5125801?
13
What is the remainder when 13938839 is divided by 36?
35
Calculate the remainder when 380918 is divided by 190446.
26
What is the remainder when 4501149 is divided by 721?
667
What is the remainder when 336908 is divided by 1123?
8
What is the remainder when 78393274 is divided by 99?
25
Calculate the remainder when 330679 is divided by 330585.
94
What is the remainder when 766137706 is divided by 2709?
2707
What is the remainder when 11460 is divided by 291?
111
What is the remainder when 44704 is divided by 14288?
1840
Calculate the remainder when 4670918 is divided by 233537.
178
What is the remainder when 3561977 is divided by 3092?
3085
What is the remainder when 11997345 is divided by 1076?
1021
Calculate the remainder when 63136394 is divided by 63.
62
Calculate the remainder when 461721 is divided by 16490.
1
What is the remainder when 495323902 is divided by 71?
70
Calculate the remainder when 6158974 is divided by 22811.
4
Calculate the remainder when 435496 is divided by 71.
53
What is the remainder when 566648 is divided by 3047?
2953
Calculate the remainder when 3154429 is divided by 174.
157
Calculate the remainder when 2717798 is divided by 118163.
49
Calculate the remainder when 175382 is divided by 2508.
2330
What is the remainder when 78477471 is divided by 92?
91
What is the remainder when 43407844 is divided by 27?
25
What is the remainder when 127685 is divided by 960?
5
Calculate the remainder when 891967 is divided by 178391.
12
What is the remainder when 75742 is divided by 5035?
217
Calculate the remainder when 429655 is divided by 141248.
5911
Calculate the remainder when 980102 is divided by 232.
134
Calculate the remainder when 10067338 is divided by 10067335.
3
What is the remainder when 34191973 is divided by 364?
361
Calculate the remainder when 5234564 is divided by 4373.
83
Calculate the remainder when 11967 is divided by 2448.
2175
Calculate the remainder when 697832 is divided by 3323.
2
Calculate the remainder when 656605 is divided by 845.
40
Calculate the remainder when 1766282 is divided by 37580.
22
Calculate the remainder when 704236 is divided by 739.
708
What is the remainder when 20116 is divided by 2496?
148
What is the remainder when 63251172 is divided by 14?
12
Calculate the remainder when 31429109 is divided by 572.
569
What is the remainder when 1034968 is divided by 684?
76
Calculate the remainder when 1160619 is divided by 1560.
1539
Calculate the remainder when 2505227 is divided by 2437.
2428
Calculate the remainder when 546945 is divided by 6006.
399
What is the remainder when 612862 is divided by 310?
302
Calculate the remainder when 341214 is divided by 12108.
2190
What is the remainder when 49061 is divided by 847?
782
What is the remainder when 24419067 is divided by 54?
51
What is the remainder when 11704672 is divided by 4885?
212
Calculate the remainder when 4084212 is divided by 2369.
56
What is the remainder when 431451 is divided by 43143?
21
What is the remainder when 6589979 is divided by 465?
464
What is the remainder when 29814922 is divided by 863?
861
Calculate the remainder when 37392760 is divided by 3298.
36
Calculate the remainder when 311252 is divided by 491.
449
What is the remainder when 12407268 is divided by 4056?
4020
Calculate the remainder when 32784 is divided by 325.
284
Calculate the remainder when 594617 is divided by 562.
21
What is the remainder when 157176 is divided by 4492?
4448
What is the remainder when 112231 is divided by 2366?
1029
What is the remainder when 438805 is divided by 12522?
535
Calculate the remainder when 37930273 is divided by 675.
673
Calculate the remainder when 42903693 is divided by 178.
175
Calculate the remainder when 8265773 is divided by 2755232.
77
What is the remainder when 134402 is divided by 4954?
644
Calculate the remainder when 930161 is divided by 35.
1
Calculate the remainder when 52544 is divided by 43959.
8585
What is the remainder when 2058833 is divided by 154?
7
What is the remainder when 27670878 is divided by 261046?
2
Calculate the remainder when 129574448 is divided by 129574441.
7
What is the remainder when 19330560 is divided by 2761505?
25
What is the remainder when 5636995 is divided by 1878998?
1
Calculate the remainder when 351111 is divided by 274.
117
What is the remainder when 290644 is divided by 20759?
18
What is the remainder